 + 24 = q*y + 5*v. What is the tens digit of y?
1
Suppose -2*r - 6*d + 36572 = 0, 2*r = -34*d + 38*d + 36642. What is the units digit of r?
7
Let d = -10052 + 14954. Suppose 3*h = -16*h + d. What is the units digit of h?
8
Let h(i) be the second derivative of -i**5/20 + 3*i**4/2 - 7*i**3/6 - 33*i**2 + 66*i. What is the tens digit of h(17)?
0
Let h = 14141 + -977. What is the units digit of h?
4
Let k be 0 + (5 - 9) - -9. What is the units digit of 1/(k + (-98)/21)?
3
What is the tens digit of 4 + (-32)/(-4) - -2873?
8
Suppose 18*s = -4*q + 252994, -5*s + 47015 = -4*q - 23302. What is the hundreds digit of s?
0
Let y = 114 + -75. Let q = -4 - y. Let o = q - -133. What is the units digit of o?
0
Suppose -4*g - s + 23 = -0*s, -3*s + 19 = 2*g. Suppose d = -g*d. Suppose d = -q + 3*j - 0*j + 53, q - 2*j = 57. What is the tens digit of q?
6
Let g(x) = -21*x + 12. Let v(h) = 22*h - 12. Let i(s) = -6*g(s) - 5*v(s). Let c be i(-19). Let k = 484 + c. What is the tens digit of k?
6
Suppose -4*w - 2*q = -6*q + 1516, 3*w + 4*q = -1130. Let i = w - -823. What is the hundreds digit of i?
4
Suppose -2*z + 3*z + 8 = 0. Let b = z + 10. Suppose -b*n = -6*v + v + 476, v - 92 = 2*n. What is the tens digit of v?
9
Suppose -11 = 12*x - 11. Suppose x = -5*k - t + 2423, 0*k + 5*k = 3*t + 2411. Suppose -k = -7*o + 321. What is the hundreds digit of o?
1
Let d(f) = 120*f**2 + 3*f - 3. Let h be (20 - 19) + 0 + 1. Suppose -6*w = -4 - h. What is the hundreds digit of d(w)?
1
Let g(s) be the first derivative of 4*s**3 - 16*s**2 - 73*s + 198. What is the units digit of g(-7)?
9
Suppose 3*u = -0*u + 2*c + 260, -4*c - 100 = -u. What is the units digit of (23722/(-203))/((-3)/(u/2))?
6
Suppose -374*w + 15005904 - 2109262 = 0. What is the ten thousands digit of w?
3
Let a(y) be the first derivative of -267*y**2 + 81*y + 58. What is the hundreds digit of a(-2)?
1
Suppose -2*f + 33 = 3*b, f + 4*f + 4*b = 72. Suppose -140 = -2*v + f*v. What is the units digit of 8/v - 22/(-14)?
1
Suppose 124 - 90874 = -66*c. What is the hundreds digit of c?
3
Let k(g) = 236*g**2 - 105*g + 928. What is the ten thousands digit of k(8)?
1
Let z = -351 - -355. Suppose l - 2*v = 25, 13 = l - z*v - 6. What is the tens digit of l?
3
Let a = 113 + -64. Suppose -7*v = -2*v - 4*k - a, -5*v = 4*k - 81. Suppose 11*g = v*g - 138. What is the tens digit of g?
6
Suppose 3*o - 5*o - 246 = 0. Let x be (-3 - (-6)/(-18))*-3. Let h = x - o. What is the units digit of h?
3
Suppose q = 13*q - 110352. What is the tens digit of q?
9
Suppose -2*n + 4*b = -18828, 5*n - 4*b = n + 37636. What is the tens digit of n?
0
Let u(l) = 718*l - 1318. What is the tens digit of u(82)?
5
Suppose -4060 = 6*j - 12016. What is the units digit of j/(-195)*215/(-2)?
1
Let r(j) = 43*j**2 - 10*j - 38. Let w be r(7). Suppose -17*o + 15*o + 1994 = 3*z, -o = 3*z - w. What is the units digit of z?
8
What is the tens digit of (-8)/10 + (-98549)/930*-66?
9
Suppose -907 - 33602 = -3*t + 6*w, -5*t = -2*w - 57563. What is the thousands digit of t?
1
Let w(n) = 14 - 13 - 14*n**2 + 6*n + 8*n - n**3. Let b be w(-15). What is the units digit of (b/(-20))/((-5)/25)?
4
Let u(g) = 155*g - 26. Let h be u(12). Suppose 0 = -d - d + h. What is the units digit of d?
7
What is the hundreds digit of 13634 + (-3 + 3 - (-5 + -1))?
6
Suppose 0*l + 63 = 9*l. Suppose 3*a + i - l = 2*i, -4*a = -i - 11. Suppose 3*o = -5*w + 576, 3*w = a*o - 84 + 447. What is the units digit of w?
7
Let t(i) = 473*i**2 - 610*i - 1. What is the units digit of t(5)?
4
Let v(l) = l**2 - l. Let r(n) = -24*n**2. Let x(k) = -r(k) - 2*v(k). Suppose -33 = 2*z - 37. What is the tens digit of x(z)?
9
Suppose -z + 930 = 5*a + 332, 0 = 3*z + a - 1864. What is the units digit of z?
3
Let g(s) = 28*s - 17. Let n(o) = 252*o - 154. Let q(l) = -l**2 + 14*l + 23. Let c be q(17). Let u(b) = c*g(b) + 3*n(b). What is the tens digit of u(-4)?
2
Suppose 14582 = w + 2813. What is the units digit of w?
9
Suppose 8 = 3*i + i. Suppose i*r + 122 = 4*r. Suppose -44 - r = -3*p. What is the units digit of p?
5
Let v(f) = f**2 - 13*f - 17. Let r be v(-24). Suppose 0 = 5*q - 3*h - r, -2*q - 3*h + 410 - 70 = 0. What is the hundreds digit of q?
1
Let l be (-1 - 2) + 4 + -3 - -34. Suppose -p = -149 + l. Let v = p - -10. What is the hundreds digit of v?
1
Suppose -3*i - m = -4*m - 78, 3*i + 2*m = 88. Suppose -5*r + 4*p = -6*r - 201, -684 = 4*r - 4*p. Let g = i - r. What is the hundreds digit of g?
2
Suppose -5*o + 10 = 0, 4*n + 1 - 13 = -2*o. Suppose 3*x + 388 = s, 3*s - 4*x = x + 1188. Suppose 6*p - s = -3*q + 2*p, p = -n. What is the units digit of q?
8
Suppose 2*c - 204*u + 206*u - 21434 = 0, 4*c - 42871 = -u. What is the units digit of c?
8
Let l(z) = 5153*z - 2977. What is the hundreds digit of l(7)?
0
Let f = -31684 + 56445. What is the tens digit of f?
6
Let n = -2140 - -11411. What is the hundreds digit of n?
2
Let k(o) = 151*o + 7721. What is the units digit of k(137)?
8
Suppose 11941 + 1911 = 4*l. What is the hundreds digit of l?
4
Let g(k) = -173*k - 10. Let m(z) = 173*z + 9. Let d(l) = 4*g(l) + 3*m(l). What is the units digit of d(-2)?
3
What is the hundreds digit of (6 + 6)*(-5)/((-120)/1602)?
8
Suppose 11*k - 68 - 20 = 0. Suppose k*r - 3*d = 4*r + 1927, -2410 = -5*r + 4*d. What is the units digit of r?
8
Suppose 0 = 5*r - 40*g + 35*g, 2*r - 5*g = -6. Let p = 85 + -53. Suppose r*s - p = 4*b - 2, -2*s + 10 = b. What is the units digit of s?
7
Let d(m) = -5*m**2 - 132*m + 6. Let y be d(-25). Let t = 88 + y. What is the units digit of t?
9
Suppose -3*q = 2*c - 14, -3*c = 4*q - 27 + 4. Suppose -572 = -c*i + 2678. What is the tens digit of i?
5
Suppose -17*x - 16146 + 74983 = 0. What is the units digit of x?
1
Suppose 5228*v = 5234*v - 23388. What is the thousands digit of v?
3
What is the units digit of (9/6)/((-25)/((-2364750)/27))?
5
Let f = -327 - -222. Let l be (-365)/(-2) + 1/(-2). Let r = l + f. What is the tens digit of r?
7
Suppose 3*d + 204*b = 207*b + 9048, -3*d + 9042 = -b. What is the tens digit of d?
1
Suppose -137 = t - 48. Let f = t - -196. Let g = f + -74. What is the tens digit of g?
3
Suppose 81 = -2*b + 101. Suppose 0 = b*x - 18*x. Suppose -18*y + 4*y + 1470 = x. What is the tens digit of y?
0
Let c(g) be the third derivative of g**6/60 - g**4/3 + g**3/2 - 20*g**2. Let v be c(4). Let t = -85 + v. What is the tens digit of t?
1
What is the hundreds digit of 70/(-20)*6928/(-14)?
7
Let o = 20172 + -800. What is the thousands digit of o?
9
Let u(q) = 396*q + 704. What is the tens digit of u(29)?
8
Let q(k) = k**2 + 37*k + 486. What is the units digit of q(-44)?
4
Suppose -109412 = -4*i + 4*v, -169*v + 165*v = -3*i + 82065. What is the ten thousands digit of i?
2
Let t = -13 + 14. Let y be t + 61 + -6*1/2. What is the tens digit of y + 1 + 6/(-2)?
5
Suppose 0 = -x + 3*x - 5*n + 10, 5*n - 5 = 3*x. Let j(p) = 8*p**3 - 5*p**2 + p - 4. What is the tens digit of j(x)?
7
Let u(s) be the third derivative of -271*s**4/24 - 29*s**3/3 - 5*s**2 - 6*s. What is the hundreds digit of u(-3)?
7
Let j = 473 - 462. Suppose -j*h - 5004 = -20*h. What is the hundreds digit of h?
5
Let u(c) = 2*c**3 + 4*c**2 - 4*c + 2. Let i be u(-4). Let s = i - -43. What is the tens digit of 4*(s + 175/10)?
5
Let c be (32/3 - -2)/((-2)/(-18)). Let o = c - 41. What is the tens digit of o?
7
Let g(c) = 16*c**2 - 3*c + 16. Let f(n) = -24*n**2 + 5*n - 24. Let k(v) = 5*f(v) + 7*g(v). Let j be k(4). Let m = 205 + j. What is the units digit of m?
5
Let o(z) = 35*z + 213. Let t be o(-11). Let r = 405 + t. What is the hundreds digit of r?
2
Suppose 4*t + 2*t - 120 = 0. Suppose t*h + 4510 - 13490 = 0. What is the hundreds digit of h?
4
Suppose 0 = -19*l - 37*l - 14*l + 1319290. What is the hundreds digit of l?
8
Suppose 3*q - 59433 = -17*s + 13*s, 13*s - 193143 = -5*q. What is the hundreds digit of s?
8
What is the thousands digit of 1/(17 - 11 - 89717/14953)?
4
Suppose 8*g - 499 = 373. Let r = 122 - g. Suppose 3*a = -r*a + 512. What is the units digit of a?
2
Suppose 585*p + 881798 = 664*p. What is the ten thousands digit of p?
1
Suppose 2*i + 14*i = 1120. Suppose -2*k + 5 - 28 = -d, 0 = -2*d - 4*k + i. What is the tens digit of d?
2
Let p = 66643 - 45322. What is the thousands digit of p?
1
What is the thousands digit of (53402/2)/((-3)/(-6))?
